 76713764 a multiple of 10?
False
Is 280 a factor of 51711405?
False
Is 98 a factor of 40939990?
True
Is 1444 a factor of 648914829?
False
Does 1012 divide 79338776?
True
Is 54 a factor of 4384493226?
True
Is 21 a factor of 863075010?
True
Is 145376572 a multiple of 22?
True
Does 33 divide 38156566?
False
Does 878 divide 43973752?
True
Is 55 a factor of 123709355?
True
Is 70771610 a multiple of 830?
True
Is 1225 a factor of 61288039?
False
Is 46824471 a multiple of 59?
False
Does 87 divide 3592016880?
False
Is 204 a factor of 15772464?
True
Does 167 divide 4846273?
False
Does 5051 divide 1665783538?
False
Is 143320316 a multiple of 4402?
True
Is 1022 a factor of 925974806?
False
Is 138 a factor of 281514727?
False
Does 17 divide 59029882?
True
Is 11572006 a multiple of 66?
False
Does 3325 divide 784231175?
True
Does 699 divide 12792399?
True
Does 241 divide 2591071?
False
Is 318244471 a multiple of 7244?
False
Is 35 a factor of 426469820?
True
Is 22 a factor of 75329961?
False
Does 87 divide 44714694?
True
Is 44059483 a multiple of 4?
False
Is 185698002 a multiple of 40?
False
Does 9 divide 19358533?
False
Is 344536256 a multiple of 116?
False
Does 274 divide 1605024760?
False
Is 32 a factor of 563616000?
True
Is 52946749 a multiple of 271?
False
Does 55 divide 6956895?
True
Does 466 divide 304044548?
False
Does 1399 divide 16216344?
False
Is 115559940 a multiple of 155?
True
Is 23 a factor of 9783246?
False
Does 712 divide 22672216?
True
Is 2721 a factor of 28477986?
True
Is 610 a factor of 42394348?
False
Is 41224033 a multiple of 114?
False
Is 8 a factor of 559849035?
False
Is 709 a factor of 54865256?
True
Is 357665340 a multiple of 678?
True
Is 58 a factor of 122682750?
False
Does 57 divide 3231085527?
True
Is 39404750 a multiple of 275?
True
Is 199 a factor of 1094027770?
False
Is 45864319 a multiple of 123?
False
Does 2173 divide 173390189?
True
Is 9 a factor of 288015873?
False
Does 92 divide 56827112?
True
Is 82984718 a multiple of 986?
True
Does 5797 divide 796200001?
False
Is 841342986 a multiple of 490?
False
Does 2552 divide 294329494?
False
Is 234016662 a multiple of 374?
True
Is 439 a factor of 294783973?
False
Is 19 a factor of 13807053?
True
Does 33 divide 81572733?
True
Is 93565519 a multiple of 50?
False
Is 41 a factor of 235181658?
True
Is 1116900142 a multiple of 44?
False
Is 380 a factor of 407113000?
True
Is 66486252 a multiple of 113?
False
Is 60465408 a multiple of 48?
True
Does 1052 divide 65596473?
False
Does 328 divide 161840448?
True
Does 2372 divide 1369413847?
False
Does 3918 divide 58307002?
False
Is 441 a factor of 24968538?
True
Is 404306192 a multiple of 60?
False
Is 151 a factor of 1893358800?
True
Does 717 divide 107612221?
False
Does 10 divide 100188720?
True
Does 37 divide 663779926?
True
Is 61542514 a multiple of 228?
False
Is 335370285 a multiple of 6?
False
Is 106361641 a multiple of 1612?
False
Is 348832190 a multiple of 1529?
False
Is 2632 a factor of 144554704?
True
Is 18 a factor of 18176348?
False
Does 13 divide 118600759?
False
Is 67444286 a multiple of 334?
True
Is 592129950 a multiple of 25?
True
Does 40 divide 269447154?
False
Does 469 divide 26539800?
False
Is 4 a factor of 24882688?
True
Is 2 a factor of 10782694?
True
Does 275 divide 35602856?
False
Is 6 a factor of 11420478?
True
Is 131 a factor of 104809694?
True
Is 24340734 a multiple of 1614?
True
Does 269 divide 128264042?
True
Is 109 a factor of 1080517926?
False
Is 1005 a factor of 9170625?
True
Is 1378238113 a multiple of 1215?
False
Is 2281352073 a multiple of 100?
False
Is 1817 a factor of 1671054926?
True
Does 91 divide 311898909?
False
Does 11 divide 11913195?
False
Is 331 a factor of 219104729?
False
Does 29 divide 762589379?
False
Is 949 a factor of 111850144?
False
Is 8655910 a multiple of 3?
False
Does 226 divide 203503280?
False
Does 33 divide 156327266?
False
Is 52981120 a multiple of 1830?
False
Is 5715318 a multiple of 349?
False
Is 722 a factor of 158033526?
True
Does 9 divide 609220656?
True
Does 4788 divide 1641853080?
True
Is 9729864 a multiple of 42?
False
Is 117647210 a multiple of 907?
False
Is 4191 a factor of 416866197?
True
Is 11 a factor of 6940560?
True
Does 423 divide 154364121?
True
Does 21 divide 4121422955?
False
Is 516 a factor of 695721252?
True
Does 74 divide 670436660?
False
Is 1801 a factor of 238980408?
False
Is 21 a factor of 119330679?
False
Is 258253895 a multiple of 14?
False
Is 195046272 a multiple of 128?
True
Is 5233032 a multiple of 54?
True
Is 114689190 a multiple of 1310?
True
Does 177 divide 68112973?
False
Does 5 divide 28551710?
True
Is 44 a factor of 5164009092?
True
Does 15 divide 126920465?
False
Is 587472204 a multiple of 2651?
True
Is 1004864649 a multiple of 7?
False
Is 59 a factor of 23142986?
True
Does 242 divide 51218816?
True
Does 451 divide 4084510576?
False
Is 115846885 a multiple of 2483?
False
Is 499372130 a multiple of 3568?
False
Is 56 a factor of 5592146000?
True
Is 189188984 a multiple of 23?
True
Is 1226 a factor of 1021121387?
False
Does 44 divide 19486010?
False
Is 37733328 a multiple of 72?
True
Is 14 a factor of 308299192?
False
Is 13 a factor of 17738357?
True
Is 14 a factor of 26665576?
True
Does 9 divide 1210242438?
True
Is 1035725152 a multiple of 5929?
True
Is 431834570 a multiple of 22?
False
Does 186 divide 412252471?
False
Is 70 a factor of 340944940?
True
Is 53206335 a multiple of 819?
True
Does 61 divide 59152676?
True
Is 7907 a factor of 239166545?
False
Does 225 divide 2360917547?
False
Does 10 divide 17969650?
True
Is 24 a factor of 3509973?
False
Is 150877549 a multiple of 149?
True
Is 202140722 a multiple of 14?
True
Does 105 divide 95392080?
True
Does 47 divide 48243479?
True
Is 112313808 a multiple of 3092?
True
Is 6 a factor of 3302011561?
False
Does 370 divide 4895081130?
True
Does 10 divide 222258054?
False
Is 59 a factor of 1267279172?
True
Is 29 a factor of 192865747?
True
Is 36 a factor of 2682380610?
False
Is 238 a factor of 33259786?
True
Is 4172960095 a multiple of 167?
True
Is 22236413 a multiple of 14?
False
Does 308 divide 69170332?
True
Does 8561 divide 245138163?
False
Is 2716372 a multiple of 29?
True
Is 614632896 a multiple of 1319?
True
Is 4347 a factor of 240202179?
True
Is 744 a factor of 9910824?
True
Is 38 a factor of 169423354?
False
Is 67 a factor of 4227485332?
True
Does 229 divide 16156604?
False
Does 31 divide 14102458?
True
Does 33 divide 980760?
True
Is 1505 a factor of 54612078?
False
Is 42972683 a multiple of 13?
True
Does 10 divide 9907155?
False
Is 172623554 a multiple of 107?
False
Is 361 a factor of 590622353?
True
Is 88149702 a multiple of 114?
True
Is 107 a factor of 1169526906?
True
Is 19 a factor of 188506144?
True
Is 21 a factor of 108394782?
False
Is 125971770 a multiple of 10?
True
Is 368 a factor of 2868260039?
False
Is 8543097 a multiple of 24?
False
Is 19 a factor of 93081758?
False
Is 1023627231 a multiple of 919?
True
Is 124 a factor of 493924488?
True
Is 12 a factor of 50084999?
False
Is 16385989 a multiple of 434?
False
Is 201280892 a multiple of 40?
False
Is 813157244 a multiple of 7?
False
Is 234678210 a multiple of 730?
True
Is 47919515 a multiple of 487?
False
Is 794 a factor of 75397956?
False
Is 53180398 a multiple of 103?
False
Is 2442539551 a multiple of 611?
False
Does 131 divide 174942009?
False
Is 162852600 a multiple of 2152?
True
Does 21 divide 4639215?
True
Is 879 a factor of 59681558?
False
Is 3642891135 a multiple of 64?
False
Does 183 divide 74807472?
True
Is 962 a factor of 3008174?
True
Is 25 a factor of 176803572?
False
Does 8 divide 73290808?
True
Is 12410345 a multiple of 21?
False
Is 6 a factor of 44565810?
True
Does 2153 divide 165707798?
True
Does 1794 divide 231343476?
True
Is 523064135 a multiple of 184?
False
Does 44 divide 61609094?
False
Is 59 a factor of 5427838505?
False
Is 1300232132 a multiple of 153?
False
Is 26 a factor of 2214214782?
True
Is 167778342 a multiple of 483?
False
Does 2012 divide 60657776?
True
Does 25 divide 64769825?
True
Is 1276671573 a multiple of 9?
True
Is 2381 a factor of 99066958?
False
Does 8363 divide 1188460902?
False
Is 267829926 a multiple of 139?
True
Is 106525952 a multiple of 115?
False
Is 606564120 a multiple of 662?
True
Is 6580